). Suppose -133 = -8*v + q. What is the highest common divisor of 102 and v?
34
Suppose -2*v = 4*m - 162, 5*v - 8*m + 10*m - 429 = 0. Calculate the greatest common factor of 34887 and v.
87
Let u(h) be the first derivative of -h**3/3 + 7*h**2 - 7*h + 13. Let l be u(5). What is the greatest common factor of l and 209?
19
Suppose -4*b - 57*t = -53*t - 216, -4*b = 5*t - 211. Suppose 4*h - 3*y = 109, -26*y - b = -2*h - 29*y. Calculate the greatest common factor of h and 133.
7
Let v be (-12780)/(-10) + 126/(-21). Calculate the highest common divisor of 408 and v.
24
Let j(p) = -3*p**3 + 48*p**2 + 16*p - 176. Let a be j(16). What is the highest common factor of 240 and a?
80
Suppose 2*i + 4*r - 2781 = 425, 3*i + 4*r = 4821. What is the greatest common factor of i and 703?
19
Suppose 12 = 3*g - 3. Let r(v) = 2*v**2 + 12*v + 40. Let o be r(-6). What is the highest common divisor of g and o?
5
Suppose 5*c - 3115 = 6125. Suppose 3*u = 9*u - c. Let b(r) = 2*r**3 + 13*r**2 + 5*r - 6. Let l be b(-5). What is the highest common divisor of u and l?
44
Let t be -5*(10 - 11 - 102/(-75)*-5). What is the greatest common factor of 2782 and t?
13
Suppose -70*h + 73*h = 2*j - 223, -2*h + 486 = 4*j. Calculate the greatest common divisor of 35 and j.
7
Let h be 10/(58/180 - (-2)/(-9)). Let n = -155 - -180. What is the highest common factor of h and n?
25
Let j(r) = r**3 + 28*r**2 + 34*r + 137. Let f be j(-25). What is the greatest common divisor of 140 and f?
14
Let z(c) = -51*c - 246. Let v be z(-5). Let t(k) be the first derivative of k**2/2 + 15*k - 1. Let a be t(v). What is the greatest common factor of a and 8?
8
Suppose 0 = -8*t + 403 + 173. Let n be (-8)/12 - (-6)/9. Suppose 0 = -4*f - 0*j + 2*j + 42, 2*j + 10 = n. Calculate the greatest common factor of f and t.
8
Let t be (1 - 40)*4/(-12). Let r(j) be the first derivative of j**3 + 5*j**2 - 34*j - 19. Let f be r(5). Calculate the highest common divisor of t and f.
13
Let a = 9337 + -8857. Calculate the highest common factor of a and 304.
16
Suppose 0 = 205*k - 1017859 - 4199886 + 354120. What is the greatest common factor of k and 65?
65
Let w be (((-46980)/203)/(-18))/(5/42). Let q(p) = 0 + 1 - 13*p - 3. Let m be q(-2). What is the greatest common factor of m and w?
12
Suppose -3*p + 3*w = -24, w + 114 = 2*p + 102. Suppose -c - 2*c + 1028 = 2*d, -2*c + 692 = -2*d. Calculate the highest common divisor of p and c.
4
Let v = 5714 - 3024. What is the highest common divisor of v and 20?
10
Suppose p = -18 + 32. Suppose 65 = p*y - 19. Let b(u) = 3*u**2 + u - 6. Let o be b(-6). What is the greatest common divisor of y and o?
6
Let i(r) = 39*r**2 - 3*r - 4. Let t be i(-3). Let f = t + -286. What is the greatest common factor of f and 5?
5
Let p = -123 - -126. Suppose -3*h = 2*l - 61, -4*l = p*h + h - 124. Calculate the greatest common divisor of 32 and l.
32
Let l(n) = -4 - 37*n + 71*n + 5*n**2 - 31*n - 2. Let z be l(-3). Let p be 20 + (-28)/20 + 3/(-5). Calculate the highest common factor of p and z.
6
Let n be ((-14)/(-8))/((-289)/(-218484)). What is the highest common divisor of 18 and n?
9
Suppose 3*q = 5*q - 54. Let f be (-6)/27 + 4515/q. Suppose 10*r - 33 = f. What is the greatest common divisor of 5 and r?
5
Let n = 151 + -159. Let x = n - -40. What is the greatest common divisor of x and 24?
8
Suppose -5*r + 55 + 990 = 0. Let f be (-40)/5 - -3 - -17. Let k = f + 7. Calculate the greatest common divisor of r and k.
19
Let l be 88 + -6*(-286)/(-132). What is the greatest common divisor of l and 9075?
75
Let g be (-6)/(-33) + 18588/132. Let p be g - (17 - 2)/(-5). Let r be 2/(-9) - (-292)/18. What is the greatest common factor of p and r?
16
Let s = -2950 - -3125. Calculate the highest common factor of 300 and s.
25
Suppose -77*h - 21275 = -17*h - 175*h. What is the highest common divisor of h and 6401?
37
Suppose -h + q = 3*h - 133, -3*h + 2*q = -106. Calculate the greatest common factor of h and 1328.
16
Let p = 415 - 933. Let k = p - -921. Calculate the greatest common factor of 26 and k.
13
Let y(l) = 7*l**2 + 8*l - 14. Let d be y(3). Suppose 235 = 6*q + d. What is the highest common divisor of 27 and q?
27
Let g be ((-45)/(-6))/(7 + 37/(-6)). Suppose n = -0*n. Suppose -5*h - 241 = -3*k, 206 = 3*k + 2*h - n*h. What is the highest common factor of k and g?
9
Let s = -21546 + 52563. What is the greatest common divisor of 7 and s?
7
Let b(g) = 7*g**3 + g**2 + 2*g - 6. Let p(m) = -2*m + 1. Let w be p(-1). Let i be b(w). What is the greatest common divisor of i and 22?
22
Let t = -7752 - -13921. What is the highest common divisor of 398 and t?
199
Let w be 98/6 + 35/21. Suppose 0 = -3*l + 5*p + 299, 4*p + 0*p = -2*l + 170. Let x = l + -12. What is the highest common divisor of w and x?
9
Let i be 2*1*(-160)/(-33 - -17). Calculate the highest common factor of 4670 and i.
10
Suppose 2162 = -3*p + 2*u, 2*p + 36*u = 32*u - 1420. Let t = p + 749. Calculate the greatest common factor of t and 558.
31
Let s(a) = 5*a**2 + 20*a - 27. Let m be s(-6). Suppose 0 = -0*l + 5*l + 25, 4*h = -5*l + 75. Let u = m - h. What is the highest common factor of 56 and u?
8
Let x = 654 - -194. Suppose f - 8*w = -3*w - 12, 0 = f + 3*w - 4. Let i be (4/5)/f + x/20. Calculate the greatest common divisor of 12 and i.
6
Suppose -9*k + j - 4727 = -16879, -4*k + 2*j + 5404 = 0. Calculate the highest common divisor of 486 and k.
54
Suppose 16*z = 9 + 23. Suppose 4*k - 4*t + 0*t - 256 = 0, -z*t - 188 = -3*k. What is the greatest common divisor of 80 and k?
20
Let x be ((-105)/(-42))/((-1)/(-2)). Suppose -x*s = -3*f + 7*f - 63, 3*f - s - 52 = 0. What is the highest common factor of 391 and f?
17
Let f = 118 + -109. Let k be 1384/f + 28/126. What is the greatest common divisor of 14 and k?
14
Suppose -2*f + 434 = 5*y, 14*f + 4*y = 10*f + 844. Let h be 2/6 - (-206)/3. What is the highest common divisor of h and f?
69
Suppose -17*z + 4918 + 522 = 0. Let g(b) = -39*b**3 + 2*b**2 + b. Let s be g(-1). Calculate the highest common divisor of z and s.
40
Let u = 11 + -6. Suppose -294 = -u*m - 74. Suppose 26*k = 71*k + 14*k - 236. What is the greatest common factor of k and m?
4
Let s(q) = 13*q + 80. Let v(m) = -7*m - 40. Let l(p) = 4*s(p) + 7*v(p). Let g be l(-4). Calculate the greatest common divisor of 7 and g.
7
Let j(g) = 4*g**2 - 9*g + 18. Let z be j(8). Suppose -18*s - z + 382 = 0. Calculate the highest common factor of s and 710.
10
Let k be 19/(-1)*(-13 - -5) - 5. Let t(b) be the third derivative of -b**4/4 - b**3/2 - 6*b**2. Let m be t(-4). Calculate the highest common divisor of k and m.
21
Suppose 5*o + 285 = k, -3*k - 5*o + 3*o = -838. Let g = k + -260. What is the highest common factor of g and 10?
10
Suppose 49*o - 2013 = 5435. Calculate the greatest common factor of o and 19.
19
Let d(b) = 223*b + 1925. Let m be d(-8). What is the greatest common factor of 47 and m?
47
Suppose -9 - 1 = -10*h. Let u be 8 + -5 - h/1. Suppose n + u*n = 5*q + 24, -16 = -2*n - 2*q. What is the highest common divisor of 4 and n?
4
Let a be (-89)/((3/12)/(10/(-20))). Suppose -r + a = -5*h + 1738, -312 = -h - r. What is the highest common divisor of 39 and h?
39
Let a(g) = 12*g**2 - 19*g + 10. Let f be a(5). Suppose 4*n = -3*t + f, 2*t + 66 = n + 4. What is the greatest common factor of n and 14?
14
Let z(j) = -j**3 - 99*j**2 - 82*j + 1571. Let p be z(-98). Calculate the highest common divisor of p and 1461.
3
Let s = -55 + 55. Suppose s = 24*z - 304 - 152. What is the greatest common divisor of z and 209?
19
Suppose 0 = -3*j - 4*z - 3, 31*j - 4*z = 27*j + 24. What is the highest common divisor of j and 2466?
3
Let p = 6421 + -6417. Calculate the greatest common divisor of p and 1948.
4
Let h be 6/10 + 951/15. Suppose -5*t = -283 + 43. Calculate the greatest common factor of h and t.
16
Suppose 530*s - 528*s - 12 = 4*w, -5*s - 4*w = -72. What is the greatest common divisor of 1599 and s?
3
Let d be (-12)/(-10)*(-28)/((-616)/2805). What is the highest common factor of d and 323?
17
Suppose 29*v - 419 - 8 = 8. Calculate the greatest common divisor of v and 125.
5
Suppose 8*k - 17*k - 28*k + 148 = 0. What is the greatest common divisor of k and 13324?
4
Let u(t) = t + 20. Let c be u(-17). Let g(k) = 6*k - 14. Let p be g(c). Suppose -196 = -p*l + 204. What is th